 = s - 14*v - 2537. Calculate the greatest common factor of s and 2007.
223
Let s = -2691 - -5275. Calculate the highest common factor of 4 and s.
4
Let z be 0/((-18)/(-27)*3/(-2)). Let u be (83 - z/(-2 - 3)) + 5. Calculate the highest common divisor of 154 and u.
22
Suppose -2*o + 35*o - 495 = 0. Suppose o*y = 1235 + 295. Calculate the greatest common divisor of 867 and y.
51
Let h = -87 - -106. Let o be -2*(5 - (3 + 0)) + h. Calculate the greatest common divisor of 435 and o.
15
Let j be 8/(-12)*198/12. Let o = j - -154. What is the greatest common divisor of 26 and o?
13
Let k = 2806 - 2451. Calculate the greatest common factor of k and 994.
71
Let o(a) = 3*a**2 - 490*a + 2987. Let y be o(194). Calculate the greatest common factor of 135 and y.
45
Suppose 2*u - 29 = 15. Let w(d) = 1873*d - 1059. Let k be w(1). Calculate the greatest common factor of u and k.
22
Let d(q) = -q**3 + 12*q**2 - 12*q + 85. Let k be d(-13). Calculate the greatest common divisor of 308 and k.
154
Suppose 5*w = 119*c - 123*c + 74, 2*c - 5*w - 22 = 0. Calculate the greatest common divisor of 52 and c.
4
Suppose 0 = -2*q + 4, -30*q = 7*y - 26*q - 351. What is the highest common factor of y and 13573?
49
Suppose -241 = -n - 199. Suppose -21*a = n*a - 819. Suppose q - 47 = 5. Calculate the highest common divisor of q and a.
13
Let p(o) be the second derivative of 5*o**3/6 + 3*o**2/2 + o. Let i be p(3). Suppose 14*b - 41 - 715 = 0. What is the highest common divisor of i and b?
18
Let w(q) = q**2 + 68*q - 356. Let j be w(5). What is the greatest common factor of j and 4788?
9
Suppose 45*g = 48*g - 39. Suppose 11*y - g*y = -96. Calculate the highest common divisor of 12 and y.
12
Suppose 0 = -5*l - 5, -2*l - 231 = -u - l. Let o(g) = -5*g**2 + 380*g + 1277. Let p be o(79). What is the highest common factor of p and u?
46
Suppose 29*x - 16807 + 2727 = -11*x. Calculate the greatest common divisor of x and 1672.
88
Suppose -2*p + 920 = 3*b, 68*p - 72*p + 4*b = -1900. What is the highest common factor of 14 and p?
7
Let b(l) = l + 19. Let h be ((-5 + 1)/(-8))/((-2)/12). Let d be b(h). Let y be 1005/9 + (-1)/(-3). Calculate the greatest common factor of d and y.
16
Let h(r) = -r**2 - 23*r - 16. Suppose -6*q = -13*q + 434. Suppose q = -4*a - 2. Let k be h(a). What is the highest common divisor of k and 64?
32
Let i = -66 - -103. Suppose 24 = i*c - 31*c. Let l(f) = f - 3. Let y be l(7). What is the greatest common factor of c and y?
4
Let z be -24 - (-391 + 77/(-11)). Calculate the highest common factor of z and 352.
22
Let w = -39 + 66. Suppose 0 = 3*r + 15, -300*o + 296*o + 1327 = r. What is the highest common divisor of o and w?
9
Suppose 2*f - 5 = -3*o + 2*o, -5*f + 3*o + 29 = 0. Suppose f*c = 6*c - 4. Calculate the greatest common divisor of 2 and c.
2
Suppose -11*p + 126 = -5*p. Let r = 12 + p. What is the highest common factor of r and 528?
33
Let m(z) = -z**2 - 32*z - 23. Let w be m(-26). Let s = w - 122. Calculate the highest common factor of 11 and s.
11
Suppose 4*w = 17*w + 8580. Let f = w + 1110. Suppose 16*u = u + f. What is the highest common factor of u and 6?
6
Suppose -326*a + 1043*a = 286891 + 341201. What is the greatest common factor of 516 and a?
12
Suppose -2*m + 310 = -3*h, -m - 2*h + 11 = -151. What is the greatest common factor of 2449 and m?
79
Suppose 6*a - a = -5*s + 40, -4*a = -4*s. Suppose 21*x - 25*x + 196 = 4*r, -s*r = 3*x - 191. Calculate the highest common divisor of r and 12.
4
Let u be 2*(-3)/(-6) - -95. Let x be (-33)/55*(-40 - (7 + -7)). What is the highest common divisor of x and u?
24
Suppose x = -2*d + 29, -4*x = 2*d - 0 - 32. Let r = d - 6. Let i(p) = p**2 - 5*p - 17. Let o be i(r). Calculate the highest common divisor of o and 49.
7
Suppose 9*r - 7*r = 44*r - 150864. Calculate the greatest common divisor of 8 and r.
8
Suppose 4*r - 4 = 0, 3*m = 2*m - 3*r + 87. What is the highest common divisor of 72 and m?
12
Suppose 49*r - 125*r = -49*r - 729. Suppose 4*k = -5*d + 67, -2*k + d = -0*d - 37. What is the greatest common factor of k and r?
9
Suppose 3*x + 5*g - 3 = 0, -3 = -3*x + 3*g - 5*g. Let u be 6 - 5 - (x + 0). Suppose u*p - 180 = -3*p. What is the greatest common divisor of 12 and p?
12
Let j(h) = h**3 - 4*h**2 + 6*h - 19. Let o be j(5). Suppose -3*t - o = -63. What is the highest common divisor of t and 9?
9
Suppose 110 = 103*b - 92*b. Calculate the highest common divisor of b and 830.
10
Let z(o) = 14*o**2 + 32*o + 104. Let u be z(-12). What is the highest common divisor of 155 and u?
31
Let v = 22 - 13. Let x = 865 - 855. Let z(k) = -k**2 + 13*k - 21. Let p be z(x). What is the highest common factor of v and p?
9
Let y(f) = f + 350. Let z be y(0). Let t be (-8)/(48/z) - (-4)/(-6). Let o = t + 65. Calculate the highest common divisor of 3 and o.
3
Let f(y) = -y**2 - 16*y - 13. Let c be f(-14). Let s be (-5)/c + 1490/6. Let a(p) = 145*p - 984. Let d be a(7). What is the greatest common factor of d and s?
31
Suppose 23*i + 52*i - 146925 = 0. What is the greatest common divisor of 3 and i?
3
Suppose -26*k - 4*j = -27*k + 264, 5*k + 5*j - 1520 = 0. What is the greatest common divisor of 232 and k?
8
Let i be 1288/24 - 2/(-6). Suppose 2*v - i = -16. Let f = -7 + v. Calculate the greatest common factor of 8 and f.
4
Let g = -3387 - -3443. Calculate the highest common factor of 434 and g.
14
Let d be 12082 + ((-1)/2 - 1275/(-170)). What is the greatest common factor of d and 308?
77
Let b = 2466 - 2456. Calculate the greatest common divisor of b and 395.
5
Let x be ((-1)/(24/928))/((-5)/60). Calculate the greatest common divisor of x and 841.
29
Suppose 50 - 12 = -f. Let r = -3 - f. Let i be (-84)/42*(6/(-9))/(2/15). What is the highest common divisor of r and i?
5
Suppose -13*x + 17*x = 2*l + 148, -3*x + 111 = -l. What is the greatest common divisor of 9583 and x?
37
Let t = 134 - 224. Let g = -95 - t. Let a be -3*104/30*g/2. What is the highest common divisor of a and 65?
13
Let o = -73 - -41. Let j = 29 + o. Let h = 8 + j. Calculate the greatest common factor of 35 and h.
5
Suppose -4*j = -5*f + 4516, -20 = 5*j - 0*j. Calculate the greatest common divisor of f and 375.
75
Suppose -30*q = -44*q + 952. Suppose -3*j = 3*i - q + 2, 5*i + 3*j = 114. What is the highest common factor of 84 and i?
12
Let p(j) = j**3 + 5*j**2 - 19*j + 1. Let z be p(-7). Let i be ((-30)/4)/(z/16)*-3. Suppose -3*u = -4*u + 130. Calculate the highest common divisor of u and i.
10
Suppose -4*i + 2*m + 36 = 0, -i + 45 = 4*i - 5*m. Let o(k) = -415*k + 211*k + 209*k + 16. Let w be o(-3). What is the highest common factor of w and i?
1
Suppose 0*m - 5*m + 185 = 5*v, -4*v + 108 = 3*m. Let d = 226 - 187. Let w be d/273 - (-68)/14. Calculate the greatest common factor of w and m.
5
Suppose 3*b - 2 = q, b + 4*b = -5*q + 30. Suppose -4*k + 340 = 2*t, k - 59 = -q*t + 33. Calculate the highest common divisor of k and 112.
28
Let a(x) = -x**3 - x**2 - 5*x + 40. Let i be a(0). Suppose 0 = -3*g + 14 + i. Calculate the highest common factor of g and 126.
18
Let k = -120 - -125. Suppose -4*i = 3*u - 465, k*i - u = -79 + 684. Calculate the greatest common factor of 24 and i.
24
Let q = 75 + -65. Suppose -f - 3*t + 2*t = -10, 2*t = -q. What is the greatest common divisor of f and 95?
5
Let l = -5 + 7. Suppose w = 4*g - 11, 5*w + 3 + 8 = -l*g. Suppose -5*y = 4*b - 32, -4*y = b - g*b - 13. What is the greatest common factor of 12 and b?
3
Let d(l) = 2*l**2 + 42*l - 32. Let j be d(-22). Calculate the greatest common factor of j and 1356.
12
Suppose 3*s + 3*q = 27, 0 = -2*s - 4*q + 7 + 1. Suppose -s*l + 1159 = -381. Calculate the highest common factor of 10 and l.
10
Let s = -369 + 788. Let b = s + -387. Calculate the highest common divisor of b and 72.
8
Suppose -9*u + 5*u = -5*m - 15, -u = -2*m - 3. Let d be m/(-2) - 2873/(-34). Calculate the greatest common divisor of 48 and d.
12
Let t be (-15)/6 + (-1)/(-2). Let g be t*(-3 - (-9)/(-6)). Suppose -2*x = -4*o + g*o - 40, -4 = o - 2*x. Calculate the highest common divisor of o and 54.
6
Let p be (10/(-25))/((-12)/210). Suppose 0 = 3*s + 4*f - p*f - 45, -f = -4*s + 51. What is the greatest common divisor of s and 54?
6
Suppose -y - 8 = 4*i, 3*y - i = 25 - 88. Let g be ((-111)/(-15) + 1)*y/(-8). What is the highest common divisor o